 is the tens digit of v?
6
Suppose 0 = 2*w - 5*u + 14, 0 = w - 2*u + 9 - 4. Suppose m = 74 - 69. Suppose 0 = -w*a - 3*z + 2*z + 203, -10 = -m*z. What is the tens digit of a?
6
Let m(w) = 7 - 7 - 8*w**2 + 9*w - 21*w + w**3 + 15. What is the tens digit of m(11)?
4
Suppose 4*l = l - 48. Let t = 20 + l. Let y(w) = w**3 - 3*w - 1. What is the tens digit of y(t)?
5
What is the units digit of (-29828)/(-22) + 40/220?
6
Let x be 38/2 + (-4)/1. Let j = 82 - x. What is the tens digit of j?
6
Suppose -2*p = 5*d - 739, -3*d - 6 = -2*p + 773. Suppose -2*x - 5*a + p = 0, 10*x + 3*a = 7*x + 564. What is the tens digit of x?
8
Suppose -15*b + 9*b + 3930 = 0. What is the tens digit of b?
5
Let d = -41 - 10. Suppose -s = 4*s + 520. Let a = d - s. What is the tens digit of a?
5
Suppose 0*v = -5*s - 2*v + 193, -12 = -3*v. Let k be (0/(-1) - -1)*5. Suppose -k*n = -f - 38 + 9, 5*n - 3*f - s = 0. What is the units digit of n?
5
Suppose 6*k - k = 15. Suppose 10 = m + 2*f, k*m + 5*f - 30 = f. What is the tens digit of m?
1
Let d be ((-2)/4)/((-5)/100*2). Suppose 37 - 2 = d*i. What is the units digit of i?
7
Let u(z) = 44*z**2 - 7*z - 8. Let c be u(4). Suppose c = 11*v - 509. What is the hundreds digit of v?
1
Let d = -753 - -1626. What is the tens digit of d?
7
Suppose 3*g = -2*w - 0*g + 24, 4*w - 40 = -4*g. Suppose 3*u - w = 12. What is the units digit of u?
6
Let v(w) = 770*w**2. Let z be v(1). Suppose -2*m - 5*m + z = 0. What is the tens digit of m?
1
Suppose -300 = 4*z + 220. Suppose 74 = -7*r + 6*r. Let g = r - z. What is the tens digit of g?
5
Let k be (10 + 0)/5*19. Suppose 2*x - 3*w = 115, 0 = -5*x + w + 18 + 302. Let t = x - k. What is the units digit of t?
7
Suppose 28 = 5*y - z + 5*z, z = -3*y + 14. Suppose 0 = y*g - 6 + 22. What is the tens digit of (-4)/(g/(-3))*-5?
1
Suppose -5*i + 3*i = 0. Suppose 0 = -i*r + 2*r. Suppose -3*f + 16 + 20 = r. What is the tens digit of f?
1
Let d(o) = 63*o + 73. What is the units digit of d(9)?
0
Let h = 58 + -36. Suppose 4*w - 18 = h. What is the tens digit of w?
1
Let a(u) = -u**3 - 17*u**2 + 16*u - 32. Let g be a(-18). Suppose 288 = g*h - 3*j, 3*j + 41 = h - 40. What is the units digit of h?
9
Suppose u = -2*i + 1, -3*u = 2*i - 2 + 7. Suppose 2*g + 67 = 5*m - 681, -m - i*g + 140 = 0. What is the tens digit of m?
4
Suppose 27*m - 12203 - 9478 = 0. What is the tens digit of m?
0
Let h(x) = -2*x**2 + 93*x + 31. What is the hundreds digit of h(43)?
3
Let w = 495 - 64. What is the tens digit of w?
3
Let y(p) = 3*p**2 + 21*p - 372. What is the thousands digit of y(23)?
1
Let d = 383 + -269. Suppose w - 76 = 3*c - 7, -2*c = 2*w - d. Let k = -38 + w. What is the tens digit of k?
2
Let o(z) = 2*z**2 - 17*z + 23. Let f(q) = 8*q - 52. Let p be f(8). What is the tens digit of o(p)?
0
What is the units digit of (441 + 5)/(64/416)?
9
Suppose 3*b = -b. Suppose 5*r - 172 + 42 = b. Suppose 2*v - d - r = -5*d, -v = 3*d - 14. What is the tens digit of v?
1
Suppose -3*j + 2*q - 5*q = 3, q + 13 = -5*j. Let o = 2 - j. What is the units digit of o?
5
Let f be (-2)/(-14) + 1658/7. Suppose 0 = -4*t + 4*q + 268, 3*t - 4*q - f + 38 = 0. What is the units digit of t?
9
Let f = 81 + -135. Let u = f - -92. What is the tens digit of u?
3
Suppose 0 = -v + 5*z - 144 + 923, v + 4*z - 815 = 0. What is the hundreds digit of v?
7
Suppose -5*m - 3*c + 8 = -4*m, 5*c = -2*m + 14. Suppose 2*x + 44 = -m*x. Let h = 22 + x. What is the tens digit of h?
1
Let k(f) be the first derivative of 4*f**3/3 + 4*f - 10. What is the tens digit of k(-3)?
4
Suppose 4*z = 3*p - 72, 4*z + z = 5*p - 125. Let k = p + -21. What is the units digit of k?
7
Let k(o) = o. Let n be k(-1). Let w = -2 + n. What is the units digit of 55/4 - w/12?
4
Suppose 4*s + 0*j - 4*j - 572 = 0, 2*j + 426 = 3*s. What is the tens digit of s?
4
Let p(q) = -q**3 + 21*q**2 + 11*q + 28. Suppose 3*u + l + 15 = 78, 2*u = 5*l + 42. What is the tens digit of p(u)?
5
Let z(n) = -5*n**3 + 2*n**2 + 8*n + 16. What is the tens digit of z(-2)?
4
Let v be 76/((-5 + -5)/(-5)). Suppose -14 = -j - j. Suppose t + j = v. What is the units digit of t?
1
Let b(x) = -x**2 - 3*x + 4. Let c be b(-8). Let p = c + 28. What is the tens digit of 4/p*(-21 + -5)?
1
Let h be (1/(-3))/(5 - 1280/255). Suppose 12*o + 300 = h*o. What is the units digit of o?
0
Let v = 17 - 27. Let c = v - -3. What is the tens digit of (-117)/c + (-10)/(-35)?
1
Let x(g) be the second derivative of 5/2*g**2 - 7*g + 1/12*g**4 + 0*g**3 + 0. What is the units digit of x(-6)?
1
Let m = -9 - -19. Let y(w) = 10*w - 39. What is the units digit of y(m)?
1
Let l be ((-16)/(-56))/((-1)/(-1043)). Suppose 21 - 284 = -4*i + 5*h, 4*i + 2*h = l. What is the units digit of i?
2
Suppose -3 = 6*o - 189. Suppose -4*m = -4*c - o + 3, -c + 5 = 2*m. Suppose 135 - 27 = m*t. What is the tens digit of t?
2
Let f = -7 - 1. Let c = f + 11. What is the tens digit of 4/c*9 + 1?
1
What is the units digit of (-1)/((-4)/878)*(41 - 35)?
7
Let o(h) = 4*h**2 - h - 10. Let g be o(10). Let k = -244 + g. What is the hundreds digit of k?
1
Let f = -4 + 113. What is the units digit of f?
9
Suppose 2*q - 5*o - 110 = 109, -5*q + o + 513 = 0. Suppose -q = -a + 125. What is the units digit of a?
7
Let j(x) = -5*x**2 - 11 - x**3 - 6*x**2 + 6 + 10*x - 1. Suppose 0 = 5*n - 4*n + 12. What is the tens digit of j(n)?
1
Let l(v) = -v**3 + 3*v**2 - 3*v. Let z be l(2). Let c be (z/6)/((-8)/192). Suppose c = f - 0. What is the units digit of f?
8
Let p(b) = 2*b**2 + 5*b + 2. Let f be p(-3). Suppose f*u + 37 = k, -31 = k - 2*k + 2*u. Suppose 0 = -q + 5, 4*z - 10 - k = -q. What is the units digit of z?
8
Suppose 5*v - 5*j = 280, 3*j + 46 = 9*v - 8*v. What is the tens digit of v?
6
Let o(s) = -s**3 + 5*s**2 + 3*s - 6. Suppose -y + 3 = -1. What is the tens digit of o(y)?
2
Let r = 3 + 0. Let d(w) = -w**2 + 2*w + 3. Let p be d(r). Suppose 0 = -p*f - 2*f + 46. What is the units digit of f?
3
Let v = 76 - 44. Let b be (46/3)/1 + 14/21. Suppose 17*l - b*l - v = 0. What is the tens digit of l?
3
Let p(x) be the third derivative of 5/8*x**4 + 0*x**3 + 0 + 6*x**2 + 0*x. What is the tens digit of p(3)?
4
Suppose 0*c + 2*g = -3*c + 169, 3*c - 170 = -g. What is the units digit of c?
7
Suppose 3*t - 2*r + 559 = -3, 5*t - 3*r + 936 = 0. Let b = -21 - t. What is the hundreds digit of b?
1
Suppose -7*g = -15 + 1. Suppose -2*q = 3*k + 3*q - 38, 0 = 4*k - g*q - 42. What is the units digit of k?
1
Let o be 1/3 - (-284)/12. Let j be 322/3 + 16/o. Suppose 644 - j = 8*s. What is the units digit of s?
7
Let w = -108 + 617. What is the hundreds digit of w?
5
Let o be 32/3*(-12)/(-8). Let d = o - 16. Suppose -3*g = -d*g - 9. What is the units digit of g?
3
Suppose -s = -2*a - a + 2, -5*s = 3*a + 10. Let n be (-3)/s - (-1)/2. Suppose o - 4 = -n*r, 3 = -5*r + 2*o + 22. What is the units digit of r?
3
Suppose 73*f - 76*f + 12 = 0. Let p(a) = 2 + 6*a - 5 - 1. What is the units digit of p(f)?
0
Let o(k) = 2*k**2 - 3*k + 1. Let u be o(2). Suppose 5*y - 177 = -3*h, -1 + 4 = -u*h. What is the units digit of y?
6
Suppose 74*n = 22*n + 88608. What is the units digit of n?
4
Let p = 7 + -7. Suppose w + 5*d - 115 = p, -d + 479 = w + 4*w. Suppose w = -3*s - 3*m + 242, m + 147 = 3*s. What is the tens digit of s?
4
Suppose 31*v = 33*v. Suppose 9*u - 111 - 42 = v. What is the units digit of u?
7
Let v be 12/(-15)*55/(-2). Let n be 4/v - (-284)/11. Suppose -6*g - n = -7*g. What is the units digit of g?
6
Suppose 11*n - 2024 = 3*n. Let t = -171 + n. What is the tens digit of t?
8
Suppose -2*t + 6 - 6 = 0. Suppose t = 7*a - 351 + 78. What is the units digit of a?
9
Suppose 8*x - 3*x - 14 = j, 5*x = -5*j + 20. Let z(o) = 3*o - 1. Let u be z(j). Suppose u*w - 5 = -a + 12, -2*w = 3*a - 55. What is the units digit of a?
9
Let c(g) = 263*g**3 + 3*g**2 - 5*g + 3. What is the tens digit of c(1)?
6
Let f be 1 - 10 - (5 - 14/2). Let a(h) = -h + 10. What is the units digit of a(f)?
7
Suppose -4*y + 1 = l, -l = 6*y - 4*y + 1. Let w be (y - 5) + -44 - 2. Let c = -10 - w. What is the tens digit of c?
4
Let r be ((-8)/(-5))/(2/5). What is the hundreds digit of 145 - (-3*r)/3?
1
Let r(m) = m**2 + 2*m - 4. Let a be r(-12). Let l be (4/16)/(1/a). Suppose l = 2*c - 21. What is the units digit of c?
5
Suppose -6*d + 276 = -2*d - 2*n, -5*n = -5*d + 340. Suppose -j = j 